{"id":2338,"date":"2021-10-12T13:28:55","date_gmt":"2021-10-12T18:28:55","guid":{"rendered":"https:\/\/intrajanus.com.mx\/Intjanus\/?page_id=2338"},"modified":"2021-10-12T15:46:09","modified_gmt":"2021-10-12T20:46:09","slug":"blog1","status":"publish","type":"page","link":"https:\/\/intrajanus.com.mx\/Intjanus\/index.php\/blog1\/","title":{"rendered":"\u00bfC\u00f3mo emprender un negocio de self storage?"},"content":{"rendered":"<div class=\"et_d4_element et_pb_section et_pb_section_0  et_pb_css_mix_blend_mode et_section_regular et_block_section\" >\n\t\t\t\t\n\t\t\t\t\n\t\t\t\t\n\t\t\t\t\n\t\t\t\t\n\t\t\t\t\n\t\t\t\t<div class=\"et_d4_element et_pb_row et_pb_row_0  et_pb_css_mix_blend_mode et_block_row\">\n\t\t\t\t<div class=\"et_d4_element et_pb_column_4_4 et_pb_column et_pb_column_0  et_pb_css_mix_blend_mode et-last-child et_block_column\">\n\t\t\t\t\n\t\t\t\t\n\t\t\t\t\n\t\t\t\t\n\t\t\t\t<div class=\"et_pb_module et_d4_element et_pb_post_title et_pb_post_title_0 et_pb_bg_layout_dark  et_pb_text_align_center et_pb_featured_bg\"   >\n\t\t\t\t\n\t\t\t\t\n\t\t\t\t\n\t\t\t\t\n\t\t\t\t\n\t\t\t\t<div class=\"et_pb_title_container\">\n\t\t\t\t\t<h1 class=\"entry-title\"><\/h1>\n\t\t\t\t<\/div>\n\t\t\t\t\n\t\t\t<\/div><div class=\"et_pb_module et_d4_element et_pb_text et_pb_text_0  et_pb_text_align_left et_pb_bg_layout_light\">\n\t\t\t\t\n\t\t\t\t\n\t\t\t\t\n\t\t\t\t\n\t\t\t\t<div class=\"et_pb_text_inner\"><h2 style=\"text-align: right;\"><em><strong>\u201cNo es sobre las ideas. Sino sobre hacer<\/strong><\/em><\/h2>\n<h2 style=\"text-align: right;\"><em><strong>que \u00e9stas se vuelvan realidad\u201d<\/strong><\/em><\/h2>\n<h2 style=\"text-align: right;\"><em><strong>- Scott Belsky - <\/strong><\/em><\/h2><\/div>\n\t\t\t<\/div><div class=\"et_pb_module et_d4_element et_pb_text et_pb_text_1  et_pb_text_align_left et_pb_bg_layout_light\">\n\t\t\t\t\n\t\t\t\t\n\t\t\t\t\n\t\t\t\t\n\t\t\t\t<div class=\"et_pb_text_inner\"><p><strong>Escrito por: Dafne Ilizaliturri<\/strong><\/p><\/div>\n\t\t\t<\/div>\n\t\t\t<\/div>\n\t\t\t\t\n\t\t\t\t\n\t\t\t\t\n\t\t\t\t\n\t\t\t<\/div><div class=\"et_d4_element et_pb_row et_pb_row_1  et_pb_css_mix_blend_mode et_block_row\">\n\t\t\t\t<div class=\"et_d4_element et_pb_column_4_4 et_pb_column et_pb_column_1  et_pb_css_mix_blend_mode et-last-child et_block_column\">\n\t\t\t\t\n\t\t\t\t\n\t\t\t\t\n\t\t\t\t\n\t\t\t\t<div class=\"et_pb_module et_d4_element et_pb_text et_pb_text_2  et_pb_text_align_left et_pb_bg_layout_light\">\n\t\t\t\t\n\t\t\t\t\n\t\t\t\t\n\t\t\t\t\n\t\t\t\t<div class=\"et_pb_text_inner\"><p>En este blog, aprender\u00e1s una serie de pasos para emprender un negocio de self storage. Primero vamos a hablar un poco de c\u00f3mo surgi\u00f3 el self storage y que es lo que abarca este concepto.<\/p>\n<p>&nbsp;<\/p>\n<p>Self storage se refiere al almacenaje personal o auto almacenaje, en un autoservicio para usuarios particulares, profesionales o empresas que necesitan un espacio seguro y de uso exclusivo para gestionar con total libertad.<\/p>\n<p>&nbsp;<\/p>\n<p>Este concepto comenz\u00f3 a utilizarse en M\u00e9xico hace 7 a\u00f1os, la raz\u00f3n por la que comenz\u00f3 a tener tanta fama es por las tendencias que se han copiado de las grandes ciudades de tener departamentos de tama\u00f1o reducido en complejos mixtos creando gran demanda del servicio de self storage; siendo as\u00ed la opci\u00f3n ideal para los problemas de almacenamiento.<\/p>\n<p>&nbsp;<\/p><\/div>\n\t\t\t<\/div><div class=\"et_pb_module et_d4_element et_pb_image et_pb_image_0\">\n\t\t\t\t\n\t\t\t\t\n\t\t\t\t\n\t\t\t\t\n\t\t\t\t<span class=\"et_pb_image_wrap \"><img fetchpriority=\"high\" fetchpriority=\"high\" decoding=\"async\" width=\"940\" height=\"726\" src=\"https:\/\/intrajanus.com.mx\/Intjanus\/wp-content\/uploads\/Imagen-Ilustrativa_Blog-1.jpg\" alt=\"\" title=\"\" srcset=\"https:\/\/intrajanus.com.mx\/Intjanus\/wp-content\/uploads\/Imagen-Ilustrativa_Blog-1.jpg 940w, https:\/\/intrajanus.com.mx\/Intjanus\/wp-content\/uploads\/Imagen-Ilustrativa_Blog-1-300x232.jpg 300w, https:\/\/intrajanus.com.mx\/Intjanus\/wp-content\/uploads\/Imagen-Ilustrativa_Blog-1-768x593.jpg 768w\" sizes=\"(max-width: 940px) 100vw, 940px\" class=\"wp-image-2351\" \/><\/span>\n\t\t\t<\/div><div class=\"et_pb_module et_d4_element et_pb_text et_pb_text_3  et_pb_text_align_left et_pb_bg_layout_light\">\n\t\t\t\t\n\t\t\t\t\n\t\t\t\t\n\t\t\t\t\n\t\t\t\t<div class=\"et_pb_text_inner\"><p>Ahora te daremos los pasos para que puedas emprender tu propio negocio de almacenamiento:<\/p>\n<p>&nbsp;<\/p>\n<ol>\n<li>Haz un plan de negocios<\/li>\n<li>Comprende las finanzas del negocio<\/li>\n<li>Elige la estructura empresarial<\/li>\n<li>Investiga sobre licencias y regulaciones<\/li>\n<li>Encuentra la ubicaci\u00f3n de tu negocio<\/li>\n<\/ol>\n<p>&nbsp;<\/p>\n<p>En Intrajanus, somos expertos en self storage, si quieres abrir tu negocio, \u00a1Cont\u00e1ctanos!<\/p>\n<p>&nbsp;<\/p>\n<p>&#x260e;&#xfe0f; 55 2166.2259 \/ 55 2166.2859<\/p>\n<p>&#x1f4de; +52 1 442 595 1133<\/p>\n<p>&#x1f4e8; ventas@intrajanus.com.mx<\/p>\n<p>&#x1f4bb; www.intrajanus.com.mx<\/p><\/div>\n\t\t\t<\/div>\n\t\t\t<\/div>\n\t\t\t\t\n\t\t\t\t\n\t\t\t\t\n\t\t\t\t\n\t\t\t<\/div>\n\t\t\t\t\n\t\t\t\t\n\t\t\t<\/div>\n","protected":false},"excerpt":{"rendered":"","protected":false},"author":1,"featured_media":0,"parent":0,"menu_order":0,"comment_status":"closed","ping_status":"closed","template":"","meta":{"_et_pb_use_builder":"on","_et_pb_old_content":"","_et_gb_content_width":"","_joinchat":[],"footnotes":""},"class_list":["post-2338","page","type-page","status-publish","hentry"],"_links":{"self":[{"href":"https:\/\/intrajanus.com.mx\/Intjanus\/index.php\/wp-json\/wp\/v2\/pages\/2338","targetHints":{"allow":["GET"]}}],"collection":[{"href":"https:\/\/intrajanus.com.mx\/Intjanus\/index.php\/wp-json\/wp\/v2\/pages"}],"about":[{"href":"https:\/\/intrajanus.com.mx\/Intjanus\/index.php\/wp-json\/wp\/v2\/types\/page"}],"author":[{"embeddable":true,"href":"https:\/\/intrajanus.com.mx\/Intjanus\/index.php\/wp-json\/wp\/v2\/users\/1"}],"replies":[{"embeddable":true,"href":"https:\/\/intrajanus.com.mx\/Intjanus\/index.php\/wp-json\/wp\/v2\/comments?post=2338"}],"version-history":[{"count":12,"href":"https:\/\/intrajanus.com.mx\/Intjanus\/index.php\/wp-json\/wp\/v2\/pages\/2338\/revisions"}],"predecessor-version":[{"id":2394,"href":"https:\/\/intrajanus.com.mx\/Intjanus\/index.php\/wp-json\/wp\/v2\/pages\/2338\/revisions\/2394"}],"wp:attachment":[{"href":"https:\/\/intrajanus.com.mx\/Intjanus\/index.php\/wp-json\/wp\/v2\/media?parent=2338"}],"curies":[{"name":"wp","href":"https:\/\/api.w.org\/{rel}","templated":true}]}}