{"id":1179,"date":"2020-05-28T22:56:34","date_gmt":"2020-05-29T03:56:34","guid":{"rendered":"https:\/\/intrajanus.com.mx\/Intjanus\/?page_id=1179"},"modified":"2021-11-24T15:11:23","modified_gmt":"2021-11-24T21:11:23","slug":"cortinas-metalicas-de-nueva-generacion","status":"publish","type":"page","link":"https:\/\/intrajanus.com.mx\/Intjanus\/index.php\/cortinas-metalicas-de-nueva-generacion\/","title":{"rendered":"Cortinas Met\u00e1licas de Nueva Generaci\u00f3n"},"content":{"rendered":"<p><div class=\"et_d4_element et_pb_section et_pb_section_0 et_pb_with_background  et_pb_css_mix_blend_mode et_section_regular et_block_section\" >\n\t\t\t\t\n\t\t\t\t\n\t\t\t\t\n\t\t\t\t\n\t\t\t\t\n\t\t\t\t\n\t\t\t\t<div class=\"et_d4_element et_pb_row et_pb_row_0  et_pb_css_mix_blend_mode et_block_row\">\n\t\t\t\t<div class=\"et_d4_element et_pb_column_4_4 et_pb_column et_pb_column_0  et_pb_css_mix_blend_mode et-last-child et_block_column\">\n\t\t\t\t\n\t\t\t\t\n\t\t\t\t\n\t\t\t\t\n\t\t\t\t<div class=\"et_pb_module et_d4_element et_pb_divider et_pb_divider_0 et_pb_space\"><div class=\"et_pb_divider_internal\"><\/div><\/div>\n\t\t\t<\/div>\n\t\t\t\t\n\t\t\t\t\n\t\t\t\t\n\t\t\t\t\n\t\t\t<\/div>\n\t\t\t\t\n\t\t\t\t\n\t\t\t<\/div><div class=\"et_d4_element et_pb_section et_pb_section_1 et_pb_with_background  et_pb_css_mix_blend_mode et_section_regular et_block_section\" >\n\t\t\t\t\n\t\t\t\t\n\t\t\t\t\n\t\t\t\t\n\t\t\t\t\n\t\t\t\t\n\t\t\t\t<div class=\"et_d4_element et_pb_row et_pb_row_1  et_pb_css_mix_blend_mode et_block_row\">\n\t\t\t\t<div class=\"et_d4_element et_pb_column_4_4 et_pb_column et_pb_column_1  et_pb_css_mix_blend_mode et-last-child et_block_column\">\n\t\t\t\t\n\t\t\t\t\n\t\t\t\t\n\t\t\t\t\n\t\t\t\t<div class=\"et_pb_module et_d4_element et_pb_video et_pb_video_0\">\n\t\t\t\t\n\t\t\t\t\n\t\t\t\t\n\t\t\t\t\n\t\t\t\t<div class=\"et_pb_video_box\"><iframe title=\"IntraJanus CORTINAS METALICAS\" width=\"1080\" height=\"608\" src=\"https:\/\/www.youtube.com\/embed\/BaMLkTWcJ44?feature=oembed\"  allow=\"accelerometer; autoplay; clipboard-write; encrypted-media; gyroscope; picture-in-picture; web-share\" referrerpolicy=\"strict-origin-when-cross-origin\" allowfullscreen><\/iframe><\/div>\n\t\t\t\t\n\t\t\t<\/div>\n\t\t\t<\/div>\n\t\t\t\t\n\t\t\t\t\n\t\t\t\t\n\t\t\t\t\n\t\t\t<\/div>\n\t\t\t\t\n\t\t\t\t\n\t\t\t<\/div><div class=\"et_d4_element et_pb_section et_pb_section_2  et_pb_css_mix_blend_mode et_section_regular et_block_section\" >\n\t\t\t\t\n\t\t\t\t\n\t\t\t\t\n\t\t\t\t\n\t\t\t\t\n\t\t\t\t\n\t\t\t\t<div class=\"et_d4_element et_pb_row et_pb_row_2  et_pb_css_mix_blend_mode et_block_row\">\n\t\t\t\t<div class=\"et_d4_element et_pb_column_4_4 et_pb_column et_pb_column_2  et_pb_css_mix_blend_mode et-last-child et_block_column\">\n\t\t\t\t\n\t\t\t\t\n\t\t\t\t\n\t\t\t\t\n\t\t\t\t<div class=\"et_pb_module et_d4_element et_pb_text et_pb_text_0  et_pb_text_align_left et_pb_bg_layout_light\">\n\t\t\t\t\n\t\t\t\t\n\t\t\t\t\n\t\t\t\t\n\t\t\t\t<div class=\"et_pb_text_inner\"><h1>Cortinas fabricadas en acero galvanizado con acabado de pintura siliconizada de alta calidad y durabilidad.<\/h1>\n<ul>\n<li>Sistema libre de grasa y mecanismos ocultos.<\/li>\n<li>F\u00e1cil y r\u00e1pida instalaci\u00f3n.<\/li>\n<li>Sencilla operaci\u00f3n.<\/li>\n<li>Resistente a manchas, desprendimientos y decoloraci\u00f3n.<\/li>\n<li>M\u00ednimo mantenimiento<\/li>\n<\/ul><\/div>\n\t\t\t<\/div>\n\t\t\t<\/div>\n\t\t\t\t\n\t\t\t\t\n\t\t\t\t\n\t\t\t\t\n\t\t\t<\/div>\n\t\t\t\t\n\t\t\t\t\n\t\t\t<\/div><div class=\"et_d4_element et_pb_section et_pb_section_3  et_pb_css_mix_blend_mode et_section_regular et_block_section\" >\n\t\t\t\t\n\t\t\t\t\n\t\t\t\t\n\t\t\t\t\n\t\t\t\t\n\t\t\t\t\n\t\t\t\t<div class=\"et_d4_element et_pb_row et_pb_row_3  et_pb_css_mix_blend_mode et_block_row\">\n\t\t\t\t<div class=\"et_d4_element et_pb_column_1_2 et_pb_column et_pb_column_3  et_pb_css_mix_blend_mode et_block_column\">\n\t\t\t\t\n\t\t\t\t\n\t\t\t\t\n\t\t\t\t\n\t\t\t\t<div class=\"et_pb_button_module_wrapper et_pb_button_0_wrapper  et_pb_module \">\n\t\t\t\t<a class=\"et_pb_button et_d4_element et_pb_button_0 et_pb_bg_layout_light et_block_module\" href=\"https:\/\/intrajanus.com.mx\/Intjanus\/wp-content\/uploads\/Cat\u00e1logo-Cortinas-ACT2020.pdf\">CAT\u00c1LOGO<\/a>\n\t\t\t<\/div>\n\t\t\t<\/div><div class=\"et_d4_element et_pb_column_1_2 et_pb_column et_pb_column_4  et_pb_css_mix_blend_mode et-last-child et_block_column\">\n\t\t\t\t\n\t\t\t\t\n\t\t\t\t\n\t\t\t\t\n\t\t\t\t<div class=\"et_pb_button_module_wrapper et_pb_button_1_wrapper et_pb_button_alignment_right et_pb_module \">\n\t\t\t\t<a class=\"et_pb_button et_d4_element et_pb_button_1 et_pb_bg_layout_light et_block_module\" href=\"https:\/\/intrajanus.com.mx\/Intjanus\/index.php\/contactanos\/\">COTIZAR<\/a>\n\t\t\t<\/div>\n\t\t\t<\/div>\n\t\t\t\t\n\t\t\t\t\n\t\t\t\t\n\t\t\t\t\n\t\t\t<\/div>\n\t\t\t\t\n\t\t\t\t\n\t\t\t<\/div><div class=\"et_d4_element et_pb_section et_pb_section_4  et_pb_css_mix_blend_mode et_pb_fullwidth_section et_section_regular et_block_section\" >\n\t\t\t\t\n\t\t\t\t\n\t\t\t\t\n\t\t\t\t\n\t\t\t\t\n\t\t\t\t\n\t\t\t\t<div class=\"et_pb_module et_d4_element et_pb_fullwidth_image et_pb_fullwidth_image_0 et_animated et-waypoint\">\n\t\t\t\t\n\t\t\t\t\n\t\t\t\t\n\t\t\t\t\n\t\t\t\t<img fetchpriority=\"high\" fetchpriority=\"high\" decoding=\"async\" width=\"1442\" height=\"718\" src=\"https:\/\/intrajanus.com.mx\/Intjanus\/wp-content\/uploads\/cortina_650.png\" alt=\"\" title=\"\" srcset=\"https:\/\/intrajanus.com.mx\/Intjanus\/wp-content\/uploads\/cortina_650.png 1442w, https:\/\/intrajanus.com.mx\/Intjanus\/wp-content\/uploads\/cortina_650-300x149.png 300w, https:\/\/intrajanus.com.mx\/Intjanus\/wp-content\/uploads\/cortina_650-1024x510.png 1024w, https:\/\/intrajanus.com.mx\/Intjanus\/wp-content\/uploads\/cortina_650-768x382.png 768w, https:\/\/intrajanus.com.mx\/Intjanus\/wp-content\/uploads\/cortina_650-1080x538.png 1080w\" sizes=\"(max-width: 1442px) 100vw, 1442px\" class=\"wp-image-1964\" \/>\n\t\t\t\n\t\t\t<\/div><div class=\"et_pb_module et_d4_element et_pb_fullwidth_image et_pb_fullwidth_image_1 et_animated et-waypoint\">\n\t\t\t\t\n\t\t\t\t\n\t\t\t\t\n\t\t\t\t\n\t\t\t\t<img decoding=\"async\" width=\"1442\" height=\"819\" src=\"https:\/\/intrajanus.com.mx\/Intjanus\/wp-content\/uploads\/cortina_1000.png\" alt=\"\" title=\"\" srcset=\"https:\/\/intrajanus.com.mx\/Intjanus\/wp-content\/uploads\/cortina_1000.png 1442w, https:\/\/intrajanus.com.mx\/Intjanus\/wp-content\/uploads\/cortina_1000-300x170.png 300w, https:\/\/intrajanus.com.mx\/Intjanus\/wp-content\/uploads\/cortina_1000-1024x582.png 1024w, https:\/\/intrajanus.com.mx\/Intjanus\/wp-content\/uploads\/cortina_1000-768x436.png 768w, https:\/\/intrajanus.com.mx\/Intjanus\/wp-content\/uploads\/cortina_1000-1080x613.png 1080w\" sizes=\"(max-width: 1442px) 100vw, 1442px\" class=\"wp-image-1965\" \/>\n\t\t\t\n\t\t\t<\/div><div class=\"et_pb_module et_d4_element et_pb_fullwidth_image et_pb_fullwidth_image_2 et_animated et-waypoint\">\n\t\t\t\t\n\t\t\t\t\n\t\t\t\t\n\t\t\t\t\n\t\t\t\t<img decoding=\"async\" width=\"1472\" height=\"833\" src=\"https:\/\/intrajanus.com.mx\/Intjanus\/wp-content\/uploads\/cortina_2000.png\" alt=\"\" title=\"\" srcset=\"https:\/\/intrajanus.com.mx\/Intjanus\/wp-content\/uploads\/cortina_2000.png 1472w, https:\/\/intrajanus.com.mx\/Intjanus\/wp-content\/uploads\/cortina_2000-300x170.png 300w, https:\/\/intrajanus.com.mx\/Intjanus\/wp-content\/uploads\/cortina_2000-1024x579.png 1024w, https:\/\/intrajanus.com.mx\/Intjanus\/wp-content\/uploads\/cortina_2000-768x435.png 768w, https:\/\/intrajanus.com.mx\/Intjanus\/wp-content\/uploads\/cortina_2000-1080x611.png 1080w\" sizes=\"(max-width: 1472px) 100vw, 1472px\" class=\"wp-image-1966\" \/>\n\t\t\t\n\t\t\t<\/div><div class=\"et_pb_module et_d4_element et_pb_fullwidth_image et_pb_fullwidth_image_3 et_animated et-waypoint\">\n\t\t\t\t\n\t\t\t\t\n\t\t\t\t\n\t\t\t\t\n\t\t\t\t<img loading=\"lazy\" loading=\"lazy\" decoding=\"async\" width=\"1048\" height=\"584\" src=\"https:\/\/intrajanus.com.mx\/Intjanus\/wp-content\/uploads\/COTINA-MODELO-2500.png\" alt=\"\" title=\"\" srcset=\"https:\/\/intrajanus.com.mx\/Intjanus\/wp-content\/uploads\/COTINA-MODELO-2500.png 1048w, https:\/\/intrajanus.com.mx\/Intjanus\/wp-content\/uploads\/COTINA-MODELO-2500-300x167.png 300w, https:\/\/intrajanus.com.mx\/Intjanus\/wp-content\/uploads\/COTINA-MODELO-2500-1024x571.png 1024w, https:\/\/intrajanus.com.mx\/Intjanus\/wp-content\/uploads\/COTINA-MODELO-2500-768x428.png 768w\" sizes=\"(max-width: 1048px) 100vw, 1048px\" class=\"wp-image-1883\" \/>\n\t\t\t\n\t\t\t<\/div><div class=\"et_pb_module et_d4_element et_pb_fullwidth_image et_pb_fullwidth_image_4 et_animated et-waypoint\">\n\t\t\t\t\n\t\t\t\t\n\t\t\t\t\n\t\t\t\t\n\t\t\t\t<img loading=\"lazy\" loading=\"lazy\" decoding=\"async\" width=\"1041\" height=\"578\" src=\"https:\/\/intrajanus.com.mx\/Intjanus\/wp-content\/uploads\/CORTINA-MODELO-3000.png\" alt=\"\" title=\"\" srcset=\"https:\/\/intrajanus.com.mx\/Intjanus\/wp-content\/uploads\/CORTINA-MODELO-3000.png 1041w, https:\/\/intrajanus.com.mx\/Intjanus\/wp-content\/uploads\/CORTINA-MODELO-3000-300x167.png 300w, https:\/\/intrajanus.com.mx\/Intjanus\/wp-content\/uploads\/CORTINA-MODELO-3000-1024x569.png 1024w, https:\/\/intrajanus.com.mx\/Intjanus\/wp-content\/uploads\/CORTINA-MODELO-3000-768x426.png 768w\" sizes=\"(max-width: 1041px) 100vw, 1041px\" class=\"wp-image-1882\" \/>\n\t\t\t\n\t\t\t<\/div><div class=\"et_pb_module et_d4_element et_pb_fullwidth_image et_pb_fullwidth_image_5 et_animated et-waypoint\">\n\t\t\t\t\n\t\t\t\t\n\t\t\t\t\n\t\t\t\t\n\t\t\t\t<img loading=\"lazy\" loading=\"lazy\" decoding=\"async\" width=\"1036\" height=\"567\" src=\"https:\/\/intrajanus.com.mx\/Intjanus\/wp-content\/uploads\/CORTINA-3100.png\" alt=\"\" title=\"\" srcset=\"https:\/\/intrajanus.com.mx\/Intjanus\/wp-content\/uploads\/CORTINA-3100.png 1036w, https:\/\/intrajanus.com.mx\/Intjanus\/wp-content\/uploads\/CORTINA-3100-300x164.png 300w, https:\/\/intrajanus.com.mx\/Intjanus\/wp-content\/uploads\/CORTINA-3100-1024x560.png 1024w, https:\/\/intrajanus.com.mx\/Intjanus\/wp-content\/uploads\/CORTINA-3100-768x420.png 768w\" sizes=\"(max-width: 1036px) 100vw, 1036px\" class=\"wp-image-1877\" \/>\n\t\t\t\n\t\t\t<\/div><div class=\"et_pb_module et_d4_element et_pb_fullwidth_image et_pb_fullwidth_image_6 et_animated et-waypoint\">\n\t\t\t\t\n\t\t\t\t\n\t\t\t\t\n\t\t\t\t\n\t\t\t\t<img loading=\"lazy\" loading=\"lazy\" decoding=\"async\" width=\"1055\" height=\"589\" src=\"https:\/\/intrajanus.com.mx\/Intjanus\/wp-content\/uploads\/CORTINA-MD.png\" alt=\"\" title=\"\" srcset=\"https:\/\/intrajanus.com.mx\/Intjanus\/wp-content\/uploads\/CORTINA-MD.png 1055w, https:\/\/intrajanus.com.mx\/Intjanus\/wp-content\/uploads\/CORTINA-MD-300x167.png 300w, https:\/\/intrajanus.com.mx\/Intjanus\/wp-content\/uploads\/CORTINA-MD-1024x572.png 1024w, https:\/\/intrajanus.com.mx\/Intjanus\/wp-content\/uploads\/CORTINA-MD-768x429.png 768w\" sizes=\"(max-width: 1055px) 100vw, 1055px\" class=\"wp-image-1878\" \/>\n\t\t\t\n\t\t\t<\/div><div class=\"et_pb_module et_d4_element et_pb_fullwidth_image et_pb_fullwidth_image_7 et_animated et-waypoint\">\n\t\t\t\t\n\t\t\t\t\n\t\t\t\t\n\t\t\t\t\n\t\t\t\t<img loading=\"lazy\" loading=\"lazy\" decoding=\"async\" width=\"1442\" height=\"704\" src=\"https:\/\/intrajanus.com.mx\/Intjanus\/wp-content\/uploads\/Swing_door.png\" alt=\"\" title=\"\" srcset=\"https:\/\/intrajanus.com.mx\/Intjanus\/wp-content\/uploads\/Swing_door.png 1442w, https:\/\/intrajanus.com.mx\/Intjanus\/wp-content\/uploads\/Swing_door-300x146.png 300w, https:\/\/intrajanus.com.mx\/Intjanus\/wp-content\/uploads\/Swing_door-1024x500.png 1024w, https:\/\/intrajanus.com.mx\/Intjanus\/wp-content\/uploads\/Swing_door-768x375.png 768w, https:\/\/intrajanus.com.mx\/Intjanus\/wp-content\/uploads\/Swing_door-1080x527.png 1080w\" sizes=\"(max-width: 1442px) 100vw, 1442px\" class=\"wp-image-1963\" \/>\n\t\t\t\n\t\t\t<\/div>\n\t\t\t\t\n\t\t\t\t\n\t\t\t<\/div><div class=\"et_d4_element et_pb_section et_pb_section_5  et_pb_css_mix_blend_mode et_section_regular et_block_section\" >\n\t\t\t\t\n\t\t\t\t\n\t\t\t\t\n\t\t\t\t\n\t\t\t\t\n\t\t\t\t\n\t\t\t\t<div class=\"et_d4_element et_pb_row et_pb_row_4  et_pb_css_mix_blend_mode et_block_row\">\n\t\t\t\t<div class=\"et_d4_element et_pb_column_4_4 et_pb_column et_pb_column_5  et_pb_css_mix_blend_mode et-last-child et_block_column\">\n\t\t\t\t\n\t\t\t\t\n\t\t\t\t\n\t\t\t\t\n\t\t\t\t<div class=\"et_pb_button_module_wrapper et_pb_button_2_wrapper et_pb_button_alignment_right et_pb_module \">\n\t\t\t\t<a class=\"et_pb_button et_d4_element et_pb_button_2 et_pb_bg_layout_light et_block_module\" href=\"https:\/\/intrajanus.com.mx\/Intjanus\/index.php\/contactanos\/\">COTIZAR<\/a>\n\t\t\t<\/div>\n\t\t\t<\/div>\n\t\t\t\t\n\t\t\t\t\n\t\t\t\t\n\t\t\t\t\n\t\t\t<\/div>\n\t\t\t\t\n\t\t\t\t\n\t\t\t<\/div><div class=\"et_d4_element et_pb_section et_pb_section_7 et_pb_with_background  et_pb_css_mix_blend_mode et_section_regular et_block_section\" >\n\t\t\t\t\n\t\t\t\t\n\t\t\t\t\n\t\t\t\t\n\t\t\t\t\n\t\t\t\t\n\t\t\t\t<div class=\"et_d4_element et_pb_row et_pb_row_5  et_pb_css_mix_blend_mode et_block_row\">\n\t\t\t\t<div class=\"et_d4_element et_pb_column_3_4 et_pb_column et_pb_column_6  et_pb_css_mix_blend_mode et_block_column\">\n\t\t\t\t\n\t\t\t\t\n\t\t\t\t\n\t\t\t\t\n\t\t\t\t<div class=\"et_pb_module et_d4_element et_pb_image et_pb_image_0 et_animated et-waypoint\">\n\t\t\t\t\n\t\t\t\t\n\t\t\t\t\n\t\t\t\t\n\t\t\t\t<span class=\"et_pb_image_wrap \"><img loading=\"lazy\" loading=\"lazy\" decoding=\"async\" width=\"600\" height=\"178\" src=\"https:\/\/intrajanus.com.mx\/Intjanus\/wp-content\/uploads\/logo.png\" alt=\"\" title=\"\" srcset=\"https:\/\/intrajanus.com.mx\/Intjanus\/wp-content\/uploads\/logo.png 600w, https:\/\/intrajanus.com.mx\/Intjanus\/wp-content\/uploads\/logo-300x89.png 300w\" sizes=\"(max-width: 600px) 100vw, 600px\" class=\"wp-image-876\" \/><\/span>\n\t\t\t<\/div>\n\t\t\t<\/div><div class=\"et_d4_element et_pb_column_1_4 et_pb_column et_pb_column_7  et_pb_css_mix_blend_mode et-last-child et_block_column\">\n\t\t\t\t\n\t\t\t\t\n\t\t\t\t\n\t\t\t\t\n\t\t\t\t<div class=\"et_pb_module et_d4_element et_pb_cta_0 et_pb_promo  et_pb_text_align_left et_pb_bg_layout_dark et_pb_no_bg\">\n\t\t\t\t\n\t\t\t\t\n\t\t\t\t\n\t\t\t\t\n\t\t\t\t<div class=\"et_pb_promo_description\"><h2 class=\"et_pb_module_header\">CONTACTANOS<\/h2><div><p style=\"text-align: right;\"><a href=\"mailto:ventas@intrajanus.com.mx\">ventas@intrajanus.com.mx<\/a><\/p>\n<p style=\"text-align: right;\"><a href=\"https:\/\/wa.me\/message\/EU4U4NQ44CEQG1\" target=\"_blank\" rel=\"noopener noreferrer\">Tel. +52\u00a055 2940 3224<\/a><\/p><\/div><\/div>\n\t\t\t\t\n\t\t\t<\/div><ul class=\"et_pb_module et_d4_element et_pb_social_media_follow et_pb_social_media_follow_0 clearfix  et_pb_text_align_right et_pb_bg_layout_light\">\n\t\t\t\t\n\t\t\t\t\n\t\t\t\t\n\t\t\t\t\n\t\t\t\t<li\n            class='et_d4_element et_pb_social_media_follow_network_0 et_pb_social_icon et_pb_social_network_link  et-social-facebook'><a\n              href='https:\/\/facebook.com\/intrajanus\/'\n              class='icon et_pb_with_border'\n              title='Seguir en Facebook'\n               target=\"_blank\"><span\n                class='et_pb_social_media_follow_network_name'\n                aria-hidden='true'\n                >Seguir<\/span><\/a><\/li><li\n            class='et_d4_element et_pb_social_media_follow_network_1 et_pb_social_icon et_pb_social_network_link  et-social-youtube'><a\n              href='#'\n              class='icon et_pb_with_border'\n              title='Seguir en Youtube'\n               target=\"_blank\"><span\n                class='et_pb_social_media_follow_network_name'\n                aria-hidden='true'\n                >Seguir<\/span><\/a><\/li><li\n            class='et_d4_element et_pb_social_media_follow_network_2 et_pb_social_icon et_pb_social_network_link  et-social-linkedin'><a\n              href='#'\n              class='icon et_pb_with_border'\n              title='Seguir en LinkedIn'\n               target=\"_blank\"><span\n                class='et_pb_social_media_follow_network_name'\n                aria-hidden='true'\n                >Seguir<\/span><\/a><\/li>\n\t\t\t<\/ul>\n\t\t\t<\/div>\n\t\t\t\t\n\t\t\t\t\n\t\t\t\t\n\t\t\t\t\n\t\t\t<\/div>\n\t\t\t\t\n\t\t\t\t\n\t\t\t<\/div><\/p>\n","protected":false},"excerpt":{"rendered":"","protected":false},"author":1,"featured_media":0,"parent":0,"menu_order":0,"comment_status":"closed","ping_status":"closed","template":"","meta":{"_et_pb_use_builder":"on","_et_pb_old_content":"","_et_gb_content_width":"","_joinchat":[],"footnotes":""},"class_list":["post-1179","page","type-page","status-publish","hentry"],"_links":{"self":[{"href":"https:\/\/intrajanus.com.mx\/Intjanus\/index.php\/wp-json\/wp\/v2\/pages\/1179","targetHints":{"allow":["GET"]}}],"collection":[{"href":"https:\/\/intrajanus.com.mx\/Intjanus\/index.php\/wp-json\/wp\/v2\/pages"}],"about":[{"href":"https:\/\/intrajanus.com.mx\/Intjanus\/index.php\/wp-json\/wp\/v2\/types\/page"}],"author":[{"embeddable":true,"href":"https:\/\/intrajanus.com.mx\/Intjanus\/index.php\/wp-json\/wp\/v2\/users\/1"}],"replies":[{"embeddable":true,"href":"https:\/\/intrajanus.com.mx\/Intjanus\/index.php\/wp-json\/wp\/v2\/comments?post=1179"}],"version-history":[{"count":29,"href":"https:\/\/intrajanus.com.mx\/Intjanus\/index.php\/wp-json\/wp\/v2\/pages\/1179\/revisions"}],"predecessor-version":[{"id":2428,"href":"https:\/\/intrajanus.com.mx\/Intjanus\/index.php\/wp-json\/wp\/v2\/pages\/1179\/revisions\/2428"}],"wp:attachment":[{"href":"https:\/\/intrajanus.com.mx\/Intjanus\/index.php\/wp-json\/wp\/v2\/media?parent=1179"}],"curies":[{"name":"wp","href":"https:\/\/api.w.org\/{rel}","templated":true}]}}